{"id":50,"date":"2019-10-24T14:15:13","date_gmt":"2019-10-24T11:15:13","guid":{"rendered":"http:\/\/demo.safirtema.com\/delta\/?page_id=50"},"modified":"2019-10-26T12:04:21","modified_gmt":"2019-10-26T09:04:21","slug":"gutenberg-galeri","status":"publish","type":"page","link":"https:\/\/eneshaliyikama.com\/index.php\/gutenberg-galeri\/","title":{"rendered":"Gutenberg Galeri"},"content":{"rendered":"\n<p>Bu sayfada Gutenberg edit\u00f6r\u00fcndeki galeri butonu ile eklenmi\u015f bir galeri g\u00f6rmektesiniz. Klasik blok ile eklenmi\u015f lightbox destekli galeri \u00f6rne\u011fi i\u00e7in <a href=\"https:\/\/eneshaliyikama.com\/foto-galeri\/\">t\u0131klay\u0131n\u0131z<\/a>. Her resmin yeni sayfada a\u00e7\u0131ld\u0131\u011f\u0131 galeri \u00f6rne\u011fi i\u00e7in <a href=\"https:\/\/eneshaliyikama.com\/basinda-biz\/\">t\u0131klay\u0131n\u0131z<\/a>.<\/p>\n\n\n\n<ul class=\"wp-block-gallery columns-3 is-cropped wp-block-gallery-1 is-layout-flex wp-block-gallery-is-layout-flex\"><li class=\"blocks-gallery-item\"><figure><a href=\"https:\/\/eneshaliyikama.com\/wp-content\/uploads\/2019\/10\/12-1024x682.jpeg\"><img loading=\"lazy\" decoding=\"async\" width=\"1024\" height=\"682\" src=\"https:\/\/eneshaliyikama.com\/wp-content\/uploads\/2019\/10\/12-1024x682.jpeg\" alt=\"\" data-id=\"47\" data-link=\"https:\/\/eneshaliyikama.com\/foto-galeri\/attachment\/12\/\" class=\"wp-image-47\" srcset=\"https:\/\/eneshaliyikama.com\/wp-content\/uploads\/2019\/10\/12-1024x682.jpeg 1024w, https:\/\/eneshaliyikama.com\/wp-content\/uploads\/2019\/10\/12-300x200.jpeg 300w, https:\/\/eneshaliyikama.com\/wp-content\/uploads\/2019\/10\/12-768x512.jpeg 768w, https:\/\/eneshaliyikama.com\/wp-content\/uploads\/2019\/10\/12.jpeg 1280w\" sizes=\"auto, (max-width: 1024px) 100vw, 1024px\" \/><\/a><\/figure><\/li><li class=\"blocks-gallery-item\"><figure><a href=\"https:\/\/eneshaliyikama.com\/wp-content\/uploads\/2019\/10\/11-1024x672.jpeg\"><img loading=\"lazy\" decoding=\"async\" width=\"1024\" height=\"672\" src=\"https:\/\/eneshaliyikama.com\/wp-content\/uploads\/2019\/10\/11-1024x672.jpeg\" alt=\"\" data-id=\"46\" data-link=\"https:\/\/eneshaliyikama.com\/foto-galeri\/attachment\/11\/\" class=\"wp-image-46\" srcset=\"https:\/\/eneshaliyikama.com\/wp-content\/uploads\/2019\/10\/11-1024x672.jpeg 1024w, https:\/\/eneshaliyikama.com\/wp-content\/uploads\/2019\/10\/11-300x197.jpeg 300w, https:\/\/eneshaliyikama.com\/wp-content\/uploads\/2019\/10\/11-768x504.jpeg 768w, https:\/\/eneshaliyikama.com\/wp-content\/uploads\/2019\/10\/11.jpeg 1280w\" sizes=\"auto, (max-width: 1024px) 100vw, 1024px\" \/><\/a><\/figure><\/li><li class=\"blocks-gallery-item\"><figure><a href=\"https:\/\/eneshaliyikama.com\/wp-content\/uploads\/2019\/10\/10-1024x682.jpeg\"><img loading=\"lazy\" decoding=\"async\" width=\"1024\" height=\"682\" src=\"https:\/\/eneshaliyikama.com\/wp-content\/uploads\/2019\/10\/10-1024x682.jpeg\" alt=\"\" data-id=\"45\" data-link=\"https:\/\/eneshaliyikama.com\/foto-galeri\/attachment\/10\/\" class=\"wp-image-45\" srcset=\"https:\/\/eneshaliyikama.com\/wp-content\/uploads\/2019\/10\/10-1024x682.jpeg 1024w, https:\/\/eneshaliyikama.com\/wp-content\/uploads\/2019\/10\/10-300x200.jpeg 300w, https:\/\/eneshaliyikama.com\/wp-content\/uploads\/2019\/10\/10-768x512.jpeg 768w, https:\/\/eneshaliyikama.com\/wp-content\/uploads\/2019\/10\/10.jpeg 1280w\" sizes=\"auto, (max-width: 1024px) 100vw, 1024px\" \/><\/a><\/figure><\/li><li class=\"blocks-gallery-item\"><figure><a href=\"https:\/\/eneshaliyikama.com\/wp-content\/uploads\/2019\/10\/09-1024x683.jpeg\"><img loading=\"lazy\" decoding=\"async\" width=\"1024\" height=\"683\" src=\"https:\/\/eneshaliyikama.com\/wp-content\/uploads\/2019\/10\/09-1024x683.jpeg\" alt=\"\" data-id=\"44\" data-link=\"https:\/\/eneshaliyikama.com\/foto-galeri\/attachment\/09\/\" class=\"wp-image-44\" srcset=\"https:\/\/eneshaliyikama.com\/wp-content\/uploads\/2019\/10\/09-1024x683.jpeg 1024w, https:\/\/eneshaliyikama.com\/wp-content\/uploads\/2019\/10\/09-300x200.jpeg 300w, https:\/\/eneshaliyikama.com\/wp-content\/uploads\/2019\/10\/09-768x512.jpeg 768w, https:\/\/eneshaliyikama.com\/wp-content\/uploads\/2019\/10\/09.jpeg 1280w\" sizes=\"auto, (max-width: 1024px) 100vw, 1024px\" \/><\/a><\/figure><\/li><li class=\"blocks-gallery-item\"><figure><a href=\"https:\/\/eneshaliyikama.com\/wp-content\/uploads\/2019\/10\/08-1024x676.jpeg\"><img loading=\"lazy\" decoding=\"async\" width=\"1024\" height=\"676\" src=\"https:\/\/eneshaliyikama.com\/wp-content\/uploads\/2019\/10\/08-1024x676.jpeg\" alt=\"\" data-id=\"43\" data-link=\"https:\/\/eneshaliyikama.com\/foto-galeri\/attachment\/08\/\" class=\"wp-image-43\" srcset=\"https:\/\/eneshaliyikama.com\/wp-content\/uploads\/2019\/10\/08-1024x676.jpeg 1024w, https:\/\/eneshaliyikama.com\/wp-content\/uploads\/2019\/10\/08-300x198.jpeg 300w, https:\/\/eneshaliyikama.com\/wp-content\/uploads\/2019\/10\/08-768x507.jpeg 768w, https:\/\/eneshaliyikama.com\/wp-content\/uploads\/2019\/10\/08.jpeg 1280w\" sizes=\"auto, (max-width: 1024px) 100vw, 1024px\" \/><\/a><\/figure><\/li><li class=\"blocks-gallery-item\"><figure><a href=\"https:\/\/eneshaliyikama.com\/wp-content\/uploads\/2019\/10\/07-1024x615.jpeg\"><img loading=\"lazy\" decoding=\"async\" width=\"1024\" height=\"615\" src=\"https:\/\/eneshaliyikama.com\/wp-content\/uploads\/2019\/10\/07-1024x615.jpeg\" alt=\"\" data-id=\"42\" data-link=\"https:\/\/eneshaliyikama.com\/foto-galeri\/attachment\/07\/\" class=\"wp-image-42\" srcset=\"https:\/\/eneshaliyikama.com\/wp-content\/uploads\/2019\/10\/07-1024x615.jpeg 1024w, https:\/\/eneshaliyikama.com\/wp-content\/uploads\/2019\/10\/07-300x180.jpeg 300w, https:\/\/eneshaliyikama.com\/wp-content\/uploads\/2019\/10\/07-768x461.jpeg 768w, https:\/\/eneshaliyikama.com\/wp-content\/uploads\/2019\/10\/07.jpeg 1280w\" sizes=\"auto, (max-width: 1024px) 100vw, 1024px\" \/><\/a><\/figure><\/li><li class=\"blocks-gallery-item\"><figure><a href=\"https:\/\/eneshaliyikama.com\/wp-content\/uploads\/2019\/10\/06-1024x683.jpeg\"><img loading=\"lazy\" decoding=\"async\" width=\"1024\" height=\"683\" src=\"https:\/\/eneshaliyikama.com\/wp-content\/uploads\/2019\/10\/06-1024x683.jpeg\" alt=\"\" data-id=\"41\" data-link=\"https:\/\/eneshaliyikama.com\/foto-galeri\/attachment\/06\/\" class=\"wp-image-41\" srcset=\"https:\/\/eneshaliyikama.com\/wp-content\/uploads\/2019\/10\/06-1024x683.jpeg 1024w, https:\/\/eneshaliyikama.com\/wp-content\/uploads\/2019\/10\/06-300x200.jpeg 300w, https:\/\/eneshaliyikama.com\/wp-content\/uploads\/2019\/10\/06-768x512.jpeg 768w, https:\/\/eneshaliyikama.com\/wp-content\/uploads\/2019\/10\/06.jpeg 1280w\" sizes=\"auto, (max-width: 1024px) 100vw, 1024px\" \/><\/a><\/figure><\/li><li class=\"blocks-gallery-item\"><figure><a href=\"https:\/\/eneshaliyikama.com\/wp-content\/uploads\/2019\/10\/04-1024x678.jpg\"><img loading=\"lazy\" decoding=\"async\" width=\"1024\" height=\"678\" src=\"https:\/\/eneshaliyikama.com\/wp-content\/uploads\/2019\/10\/04-1024x678.jpg\" alt=\"\" data-id=\"39\" data-link=\"https:\/\/eneshaliyikama.com\/foto-galeri\/attachment\/04\/\" class=\"wp-image-39\" srcset=\"https:\/\/eneshaliyikama.com\/wp-content\/uploads\/2019\/10\/04-1024x678.jpg 1024w, https:\/\/eneshaliyikama.com\/wp-content\/uploads\/2019\/10\/04-300x199.jpg 300w, https:\/\/eneshaliyikama.com\/wp-content\/uploads\/2019\/10\/04-768x508.jpg 768w, https:\/\/eneshaliyikama.com\/wp-content\/uploads\/2019\/10\/04.jpg 1280w\" sizes=\"auto, (max-width: 1024px) 100vw, 1024px\" \/><\/a><\/figure><\/li><li class=\"blocks-gallery-item\"><figure><a href=\"https:\/\/eneshaliyikama.com\/wp-content\/uploads\/2019\/10\/03-1024x681.jpeg\"><img loading=\"lazy\" decoding=\"async\" width=\"1024\" height=\"681\" src=\"https:\/\/eneshaliyikama.com\/wp-content\/uploads\/2019\/10\/03-1024x681.jpeg\" alt=\"\" data-id=\"38\" data-link=\"https:\/\/eneshaliyikama.com\/foto-galeri\/attachment\/03\/\" class=\"wp-image-38\" srcset=\"https:\/\/eneshaliyikama.com\/wp-content\/uploads\/2019\/10\/03-1024x681.jpeg 1024w, https:\/\/eneshaliyikama.com\/wp-content\/uploads\/2019\/10\/03-300x199.jpeg 300w, https:\/\/eneshaliyikama.com\/wp-content\/uploads\/2019\/10\/03-768x511.jpeg 768w, https:\/\/eneshaliyikama.com\/wp-content\/uploads\/2019\/10\/03.jpeg 1280w\" sizes=\"auto, (max-width: 1024px) 100vw, 1024px\" \/><\/a><\/figure><\/li><li class=\"blocks-gallery-item\"><figure><a href=\"https:\/\/eneshaliyikama.com\/wp-content\/uploads\/2019\/10\/02-1024x574.jpeg\"><img loading=\"lazy\" decoding=\"async\" width=\"1024\" height=\"574\" src=\"https:\/\/eneshaliyikama.com\/wp-content\/uploads\/2019\/10\/02-1024x574.jpeg\" alt=\"\" data-id=\"37\" data-link=\"https:\/\/eneshaliyikama.com\/foto-galeri\/attachment\/02\/\" class=\"wp-image-37\" srcset=\"https:\/\/eneshaliyikama.com\/wp-content\/uploads\/2019\/10\/02-1024x574.jpeg 1024w, https:\/\/eneshaliyikama.com\/wp-content\/uploads\/2019\/10\/02-300x168.jpeg 300w, https:\/\/eneshaliyikama.com\/wp-content\/uploads\/2019\/10\/02-768x431.jpeg 768w, https:\/\/eneshaliyikama.com\/wp-content\/uploads\/2019\/10\/02.jpeg 1280w\" sizes=\"auto, (max-width: 1024px) 100vw, 1024px\" \/><\/a><\/figure><\/li><li class=\"blocks-gallery-item\"><figure><a href=\"https:\/\/eneshaliyikama.com\/wp-content\/uploads\/2019\/10\/01-1024x574.jpeg\"><img loading=\"lazy\" decoding=\"async\" width=\"1024\" height=\"574\" src=\"https:\/\/eneshaliyikama.com\/wp-content\/uploads\/2019\/10\/01-1024x574.jpeg\" alt=\"\" data-id=\"36\" data-link=\"https:\/\/eneshaliyikama.com\/foto-galeri\/attachment\/01\/\" class=\"wp-image-36\" srcset=\"https:\/\/eneshaliyikama.com\/wp-content\/uploads\/2019\/10\/01-1024x574.jpeg 1024w, https:\/\/eneshaliyikama.com\/wp-content\/uploads\/2019\/10\/01-300x168.jpeg 300w, https:\/\/eneshaliyikama.com\/wp-content\/uploads\/2019\/10\/01-768x431.jpeg 768w, https:\/\/eneshaliyikama.com\/wp-content\/uploads\/2019\/10\/01.jpeg 1280w\" sizes=\"auto, (max-width: 1024px) 100vw, 1024px\" \/><\/a><\/figure><\/li><\/ul>\n","protected":false},"excerpt":{"rendered":"<p>Bu sayfada Gutenberg edit\u00f6r\u00fcndeki galeri butonu ile eklenmi\u015f bir galeri g\u00f6rmektesiniz. Klasik blok ile eklenmi\u015f lightbox destekli galeri \u00f6rne\u011fi i\u00e7in t\u0131klay\u0131n\u0131z. Her resmin yeni sayfada a\u00e7\u0131ld\u0131\u011f\u0131 galeri \u00f6rne\u011fi i\u00e7in t\u0131klay\u0131n\u0131z.<\/p>\n","protected":false},"author":1,"featured_media":0,"parent":0,"menu_order":0,"comment_status":"closed","ping_status":"closed","template":"","meta":{"footnotes":""},"class_list":["post-50","page","type-page","status-publish","hentry"],"_links":{"self":[{"href":"https:\/\/eneshaliyikama.com\/index.php\/wp-json\/wp\/v2\/pages\/50","targetHints":{"allow":["GET"]}}],"collection":[{"href":"https:\/\/eneshaliyikama.com\/index.php\/wp-json\/wp\/v2\/pages"}],"about":[{"href":"https:\/\/eneshaliyikama.com\/index.php\/wp-json\/wp\/v2\/types\/page"}],"author":[{"embeddable":true,"href":"https:\/\/eneshaliyikama.com\/index.php\/wp-json\/wp\/v2\/users\/1"}],"replies":[{"embeddable":true,"href":"https:\/\/eneshaliyikama.com\/index.php\/wp-json\/wp\/v2\/comments?post=50"}],"version-history":[{"count":9,"href":"https:\/\/eneshaliyikama.com\/index.php\/wp-json\/wp\/v2\/pages\/50\/revisions"}],"predecessor-version":[{"id":273,"href":"https:\/\/eneshaliyikama.com\/index.php\/wp-json\/wp\/v2\/pages\/50\/revisions\/273"}],"wp:attachment":[{"href":"https:\/\/eneshaliyikama.com\/index.php\/wp-json\/wp\/v2\/media?parent=50"}],"curies":[{"name":"wp","href":"https:\/\/api.w.org\/{rel}","templated":true}]}}