{"id":5,"date":"2019-10-22T15:26:23","date_gmt":"2019-10-22T12:26:23","guid":{"rendered":"http:\/\/demo.safirtema.com\/delta\/iletisim\/"},"modified":"2019-10-28T21:55:52","modified_gmt":"2019-10-28T18:55:52","slug":"iletisim","status":"publish","type":"page","link":"https:\/\/eneshaliyikama.com\/index.php\/iletisim\/","title":{"rendered":"\u0130leti\u015fim"},"content":{"rendered":"\n<p>Bu sayfa teman\u0131n \u00f6zel tasarlanm\u0131\u015f ileti\u015fim sayfas\u0131d\u0131r. T\u00fcm ileti\u015fim bilgilerinizi bu sayfada g\u00f6sterebilirsiniz. Ek olarak a\u015fa\u011f\u0131daki \u00f6rnek \u015fube gibi 5 adet \u015fubeye kadar g\u00f6sterim yapabilirsiniz.<\/p>\n","protected":false},"excerpt":{"rendered":"<p>Bu sayfa teman\u0131n \u00f6zel tasarlanm\u0131\u015f ileti\u015fim sayfas\u0131d\u0131r. T\u00fcm ileti\u015fim bilgilerinizi bu sayfada g\u00f6sterebilirsiniz. Ek olarak a\u015fa\u011f\u0131daki \u00f6rnek \u015fube gibi 5 adet \u015fubeye kadar g\u00f6sterim yapabilirsiniz.<\/p>\n","protected":false},"author":1,"featured_media":0,"parent":0,"menu_order":0,"comment_status":"closed","ping_status":"closed","template":"pages\/page-contact.php","meta":{"footnotes":""},"class_list":["post-5","page","type-page","status-publish","hentry"],"_links":{"self":[{"href":"https:\/\/eneshaliyikama.com\/index.php\/wp-json\/wp\/v2\/pages\/5","targetHints":{"allow":["GET"]}}],"collection":[{"href":"https:\/\/eneshaliyikama.com\/index.php\/wp-json\/wp\/v2\/pages"}],"about":[{"href":"https:\/\/eneshaliyikama.com\/index.php\/wp-json\/wp\/v2\/types\/page"}],"author":[{"embeddable":true,"href":"https:\/\/eneshaliyikama.com\/index.php\/wp-json\/wp\/v2\/users\/1"}],"replies":[{"embeddable":true,"href":"https:\/\/eneshaliyikama.com\/index.php\/wp-json\/wp\/v2\/comments?post=5"}],"version-history":[{"count":1,"href":"https:\/\/eneshaliyikama.com\/index.php\/wp-json\/wp\/v2\/pages\/5\/revisions"}],"predecessor-version":[{"id":288,"href":"https:\/\/eneshaliyikama.com\/index.php\/wp-json\/wp\/v2\/pages\/5\/revisions\/288"}],"wp:attachment":[{"href":"https:\/\/eneshaliyikama.com\/index.php\/wp-json\/wp\/v2\/media?parent=5"}],"curies":[{"name":"wp","href":"https:\/\/api.w.org\/{rel}","templated":true}]}}