{"id":35,"date":"2019-10-24T14:11:52","date_gmt":"2019-10-24T11:11:52","guid":{"rendered":"http:\/\/demo.safirtema.com\/delta\/?page_id=35"},"modified":"2019-10-25T21:17:47","modified_gmt":"2019-10-25T18:17:47","slug":"foto-galeri","status":"publish","type":"page","link":"https:\/\/eneshaliyikama.com\/index.php\/foto-galeri\/","title":{"rendered":"Foto Galeri"},"content":{"rendered":"\n<p>Bu sayfada teman\u0131n dahili Lightbox \u00f6zelli\u011fi ile a\u00e7\u0131lan bir galeri bulunmaktad\u0131r. Galeri klasik blok i\u00e7ine standart wordpress galerisi olarak eklenmi\u015ftir. Gutenberg edit\u00f6r\u00fc ile eklenmi\u015f galeri \u00f6rne\u011fi i\u00e7in <a href=\"https:\/\/eneshaliyikama.com\/gutenberg-galeri\/\">t\u0131klay\u0131n\u0131z<\/a>. Her resmin yeni sayfada a\u00e7\u0131ld\u0131\u011f\u0131 galeri \u00f6rne\u011fi i\u00e7in <a href=\"https:\/\/eneshaliyikama.com\/basinda-biz\/\">t\u0131klay\u0131n\u0131z<\/a>.<\/p>\n\n\n<div id='gallery-1' class='gallery galleryid-35 gallery-columns-3 gallery-size-thumbnail'><dl class='gallery-item'>\n\t\t\t<dt class='gallery-icon landscape'>\n\t\t\t\t<a href='https:\/\/eneshaliyikama.com\/wp-content\/uploads\/2019\/10\/01.jpeg'><img loading=\"lazy\" decoding=\"async\" width=\"150\" height=\"150\" src=\"https:\/\/eneshaliyikama.com\/wp-content\/uploads\/2019\/10\/01-150x150.jpeg\" class=\"attachment-thumbnail size-thumbnail\" alt=\"\" \/><\/a>\n\t\t\t<\/dt><\/dl><dl class='gallery-item'>\n\t\t\t<dt class='gallery-icon landscape'>\n\t\t\t\t<a href='https:\/\/eneshaliyikama.com\/wp-content\/uploads\/2019\/10\/02.jpeg'><img loading=\"lazy\" decoding=\"async\" width=\"150\" height=\"150\" src=\"https:\/\/eneshaliyikama.com\/wp-content\/uploads\/2019\/10\/02-150x150.jpeg\" class=\"attachment-thumbnail size-thumbnail\" alt=\"\" \/><\/a>\n\t\t\t<\/dt><\/dl><dl class='gallery-item'>\n\t\t\t<dt class='gallery-icon landscape'>\n\t\t\t\t<a href='https:\/\/eneshaliyikama.com\/wp-content\/uploads\/2019\/10\/03.jpeg'><img loading=\"lazy\" decoding=\"async\" width=\"150\" height=\"150\" src=\"https:\/\/eneshaliyikama.com\/wp-content\/uploads\/2019\/10\/03-150x150.jpeg\" class=\"attachment-thumbnail size-thumbnail\" alt=\"\" \/><\/a>\n\t\t\t<\/dt><\/dl><br style=\"clear: both\" \/><dl class='gallery-item'>\n\t\t\t<dt class='gallery-icon landscape'>\n\t\t\t\t<a href='https:\/\/eneshaliyikama.com\/wp-content\/uploads\/2019\/10\/04.jpg'><img loading=\"lazy\" decoding=\"async\" width=\"150\" height=\"150\" src=\"https:\/\/eneshaliyikama.com\/wp-content\/uploads\/2019\/10\/04-150x150.jpg\" class=\"attachment-thumbnail size-thumbnail\" alt=\"\" \/><\/a>\n\t\t\t<\/dt><\/dl><dl class='gallery-item'>\n\t\t\t<dt class='gallery-icon landscape'>\n\t\t\t\t<a href='https:\/\/eneshaliyikama.com\/wp-content\/uploads\/2019\/10\/05.jpeg'><img loading=\"lazy\" decoding=\"async\" width=\"150\" height=\"150\" src=\"https:\/\/eneshaliyikama.com\/wp-content\/uploads\/2019\/10\/05-150x150.jpeg\" class=\"attachment-thumbnail size-thumbnail\" alt=\"\" \/><\/a>\n\t\t\t<\/dt><\/dl><dl class='gallery-item'>\n\t\t\t<dt class='gallery-icon landscape'>\n\t\t\t\t<a href='https:\/\/eneshaliyikama.com\/wp-content\/uploads\/2019\/10\/06.jpeg'><img loading=\"lazy\" decoding=\"async\" width=\"150\" height=\"150\" src=\"https:\/\/eneshaliyikama.com\/wp-content\/uploads\/2019\/10\/06-150x150.jpeg\" class=\"attachment-thumbnail size-thumbnail\" alt=\"\" \/><\/a>\n\t\t\t<\/dt><\/dl><br style=\"clear: both\" \/><dl class='gallery-item'>\n\t\t\t<dt class='gallery-icon landscape'>\n\t\t\t\t<a href='https:\/\/eneshaliyikama.com\/wp-content\/uploads\/2019\/10\/07.jpeg'><img loading=\"lazy\" decoding=\"async\" width=\"150\" height=\"150\" src=\"https:\/\/eneshaliyikama.com\/wp-content\/uploads\/2019\/10\/07-150x150.jpeg\" class=\"attachment-thumbnail size-thumbnail\" alt=\"\" \/><\/a>\n\t\t\t<\/dt><\/dl><dl class='gallery-item'>\n\t\t\t<dt class='gallery-icon landscape'>\n\t\t\t\t<a href='https:\/\/eneshaliyikama.com\/wp-content\/uploads\/2019\/10\/08.jpeg'><img loading=\"lazy\" decoding=\"async\" width=\"150\" height=\"150\" src=\"https:\/\/eneshaliyikama.com\/wp-content\/uploads\/2019\/10\/08-150x150.jpeg\" class=\"attachment-thumbnail size-thumbnail\" alt=\"\" \/><\/a>\n\t\t\t<\/dt><\/dl><dl class='gallery-item'>\n\t\t\t<dt class='gallery-icon landscape'>\n\t\t\t\t<a href='https:\/\/eneshaliyikama.com\/wp-content\/uploads\/2019\/10\/09.jpeg'><img loading=\"lazy\" decoding=\"async\" width=\"150\" height=\"150\" src=\"https:\/\/eneshaliyikama.com\/wp-content\/uploads\/2019\/10\/09-150x150.jpeg\" class=\"attachment-thumbnail size-thumbnail\" alt=\"\" \/><\/a>\n\t\t\t<\/dt><\/dl><br style=\"clear: both\" \/><dl class='gallery-item'>\n\t\t\t<dt class='gallery-icon landscape'>\n\t\t\t\t<a href='https:\/\/eneshaliyikama.com\/wp-content\/uploads\/2019\/10\/10.jpeg'><img loading=\"lazy\" decoding=\"async\" width=\"150\" height=\"150\" src=\"https:\/\/eneshaliyikama.com\/wp-content\/uploads\/2019\/10\/10-150x150.jpeg\" class=\"attachment-thumbnail size-thumbnail\" alt=\"\" \/><\/a>\n\t\t\t<\/dt><\/dl><dl class='gallery-item'>\n\t\t\t<dt class='gallery-icon landscape'>\n\t\t\t\t<a href='https:\/\/eneshaliyikama.com\/wp-content\/uploads\/2019\/10\/11.jpeg'><img loading=\"lazy\" decoding=\"async\" width=\"150\" height=\"150\" src=\"https:\/\/eneshaliyikama.com\/wp-content\/uploads\/2019\/10\/11-150x150.jpeg\" class=\"attachment-thumbnail size-thumbnail\" alt=\"\" \/><\/a>\n\t\t\t<\/dt><\/dl><dl class='gallery-item'>\n\t\t\t<dt class='gallery-icon landscape'>\n\t\t\t\t<a href='https:\/\/eneshaliyikama.com\/wp-content\/uploads\/2019\/10\/12.jpeg'><img loading=\"lazy\" decoding=\"async\" width=\"150\" height=\"150\" src=\"https:\/\/eneshaliyikama.com\/wp-content\/uploads\/2019\/10\/12-150x150.jpeg\" class=\"attachment-thumbnail size-thumbnail\" alt=\"\" \/><\/a>\n\t\t\t<\/dt><\/dl><br style=\"clear: both\" \/>\n\t\t<\/div>\n","protected":false},"excerpt":{"rendered":"<p>Bu sayfada teman\u0131n dahili Lightbox \u00f6zelli\u011fi ile a\u00e7\u0131lan bir galeri bulunmaktad\u0131r. Galeri klasik blok i\u00e7ine standart wordpress galerisi olarak eklenmi\u015ftir. Gutenberg edit\u00f6r\u00fc ile eklenmi\u015f galeri \u00f6rne\u011fi i\u00e7in t\u0131klay\u0131n\u0131z. Her resmin yeni sayfada a\u00e7\u0131ld\u0131\u011f\u0131 galeri \u00f6rne\u011fi i\u00e7in t\u0131klay\u0131n\u0131z.<\/p>\n","protected":false},"author":1,"featured_media":0,"parent":0,"menu_order":0,"comment_status":"closed","ping_status":"closed","template":"","meta":{"footnotes":""},"class_list":["post-35","page","type-page","status-publish","hentry"],"_links":{"self":[{"href":"https:\/\/eneshaliyikama.com\/index.php\/wp-json\/wp\/v2\/pages\/35","targetHints":{"allow":["GET"]}}],"collection":[{"href":"https:\/\/eneshaliyikama.com\/index.php\/wp-json\/wp\/v2\/pages"}],"about":[{"href":"https:\/\/eneshaliyikama.com\/index.php\/wp-json\/wp\/v2\/types\/page"}],"author":[{"embeddable":true,"href":"https:\/\/eneshaliyikama.com\/index.php\/wp-json\/wp\/v2\/users\/1"}],"replies":[{"embeddable":true,"href":"https:\/\/eneshaliyikama.com\/index.php\/wp-json\/wp\/v2\/comments?post=35"}],"version-history":[{"count":5,"href":"https:\/\/eneshaliyikama.com\/index.php\/wp-json\/wp\/v2\/pages\/35\/revisions"}],"predecessor-version":[{"id":266,"href":"https:\/\/eneshaliyikama.com\/index.php\/wp-json\/wp\/v2\/pages\/35\/revisions\/266"}],"wp:attachment":[{"href":"https:\/\/eneshaliyikama.com\/index.php\/wp-json\/wp\/v2\/media?parent=35"}],"curies":[{"name":"wp","href":"https:\/\/api.w.org\/{rel}","templated":true}]}}